{"id":1971,"date":"2019-10-23T09:44:27","date_gmt":"2019-10-23T15:44:27","guid":{"rendered":"http:\/\/dhmmaquinaria.ika.mx\/wordpress\/?post_type=product&#038;p=1971"},"modified":"2024-12-08T23:50:16","modified_gmt":"2024-12-09T06:50:16","slug":"torno-cnc-petrolero-cmd-70320","status":"publish","type":"product","link":"https:\/\/www.dhm-maquinaria.com\/index.php\/product\/torno-cnc-petrolero-cmd-70320\/","title":{"rendered":"Torno CNC Petrolero CMD-70320"},"content":{"rendered":"<p>[vc_row][vc_column][vc_tta_tabs][vc_tta_section title=&#8221;Especificaciones&#8221; tab_id=&#8221;1571845267503-3fbf3497-196d&#8221;][vc_column_text]<\/p>\n<table class=\"table table-striped\" style=\"text-align: center; height: 556px;\" width=\"659\">\n<tbody>\n<tr class=\"specHeader\">\n<th style=\"font-size: 15px; color: #444444 !important; text-align: center;\">Especificaciones<\/th>\n<th class=\"currentsphead\" style=\"font-size: 15px; text-align: center;\">CMD-70320<\/th>\n<\/tr>\n<tr>\n<td style=\"font-style: italic; text-align: center;\">Volteo sobre la bancada<\/td>\n<td class=\"currentcol0\" style=\"text-align: center;\">70&#8243; (1800 mm)<\/td>\n<\/tr>\n<tr>\n<td style=\"font-style: italic; text-align: center;\">Volteo sobre el carro<\/td>\n<td class=\"currentcol1\" style=\"text-align: center;\">49&#8243;\/55&#8243; (1250 mm\/1400 mm)<\/td>\n<\/tr>\n<tr>\n<td style=\"font-style: italic; text-align: center;\">Distancia entre centros<\/td>\n<td class=\"currentcol0\" style=\"text-align: center;\">315&#8243; (8000 mm)<\/td>\n<\/tr>\n<tr>\n<td style=\"font-style: italic; text-align: center;\">Ancho de bancada<\/td>\n<td class=\"currentcol1\" style=\"text-align: center;\">53&#8243; (1345 mm)<\/td>\n<\/tr>\n<tr>\n<td style=\"font-style: italic; text-align: center;\">Paso de barra<\/td>\n<td class=\"currentcol0\" style=\"text-align: center;\">8.3&#8243; (210 mm)<\/td>\n<\/tr>\n<tr>\n<td style=\"font-style: italic; text-align: center;\">Nariz del husillo<\/td>\n<td class=\"currentcol1\" style=\"text-align: center;\">A2-15<\/td>\n<\/tr>\n<tr>\n<td style=\"font-style: italic; text-align: center;\">Rango de velocidades<\/td>\n<td class=\"currentcol0\" style=\"text-align: center;\">5-460 RPM<\/td>\n<\/tr>\n<tr>\n<td style=\"font-style: italic; text-align: center;\">Control\/Motor<\/td>\n<td class=\"currentcol1\" style=\"text-align: center;\">Fanuc \/45kW<\/td>\n<\/tr>\n<tr>\n<td style=\"font-style: italic; text-align: center;\">Di\u00e1metro del tornillo sinf\u00edn<\/td>\n<td class=\"currentcol0\">Eje: -X 50 mm con 1:2 set de engranes<\/p>\n<p>Eje: -Z: pi\u00f1on y cremallera<\/td>\n<\/tr>\n<tr>\n<td style=\"font-style: italic; text-align: center;\">Velocidad de corte x revolucion Eje &#8211; X:<\/td>\n<td class=\"currentcol1\" style=\"text-align: center;\">0.001-250mm<\/td>\n<\/tr>\n<tr>\n<td style=\"font-style: italic; text-align: center;\">Velocidad de corte x revolucion Eje &#8211; Z:<\/td>\n<td class=\"currentcol0\" style=\"text-align: center;\">0.001-400mm<\/td>\n<\/tr>\n<tr>\n<td style=\"font-style: italic; text-align: center;\">Viaje del Eje -X<\/td>\n<td class=\"currentcol1\">49&#8243; (1250 mm)<\/td>\n<\/tr>\n<tr>\n<td style=\"font-style: italic; text-align: center;\">Viaje del Eje -Z<\/td>\n<td class=\"currentcol1\">299&#8243; (7600 mm)<\/td>\n<\/tr>\n<tr>\n<td style=\"font-style: italic; text-align: center;\">Viaje del contrapunto \/ca\u00f1a:<\/td>\n<td class=\"currentcol1\">11.8\u201d\/11.4\u201d (300mm\/290mm)<\/td>\n<\/tr>\n<tr>\n<td style=\"font-style: italic; text-align: center;\">Servo motor Eje-X:<\/td>\n<td class=\"currentcol1\">\u03b122i (4.0 KW)<\/td>\n<\/tr>\n<tr>\n<td style=\"font-style: italic; text-align: center;\">Servo motor Eje-Y<\/td>\n<td class=\"currentcol1\">\u03b130i (7.0 KW)<\/td>\n<\/tr>\n<tr>\n<td style=\"font-style: italic; text-align: center;\">Bomba del refrigerante<\/td>\n<td class=\"currentcol1\">1.3 HP(1 KW)<\/td>\n<\/tr>\n<tr>\n<td style=\"font-style: italic; text-align: center;\">Dimensiones del embalaje<\/td>\n<td class=\"currentcol1\">37\u2019 X 10.9\u2019 X 9.2\u2019 (11.3m X 3.3m X 2.8m)<\/td>\n<\/tr>\n<tr>\n<td style=\"font-style: italic; text-align: center;\">Peso de la maquina<\/td>\n<td class=\"currentcol1\">122,357 lbs (55500 kgs)<\/td>\n<\/tr>\n<\/tbody>\n<\/table>\n<p>[\/vc_column_text][\/vc_tta_section][vc_tta_section title=&#8221;Accesorios&#8221; tab_id=&#8221;1571845267518-450ba5b0-d970&#8243;][vc_column_text]<\/p>\n<table>\n<tbody>\n<tr>\n<td>\n<h3>Accesorios Estandar<\/h3>\n<ul>\n<li>Control Fanuc 0i-TD CNC.<\/li>\n<li>Motor del Husillo AC.<\/li>\n<li>Sistema de lubricaci\u00f3n autom\u00e1tico.<\/li>\n<li>Sistema de refrigeraci\u00f3n.<\/li>\n<li>Enfriamiento del husillo por aceite.<\/li>\n<li>Torreta hidr\u00e1ulica tipo H4 o V8.<\/li>\n<li>Guarda para chuck y torreta. Panel de control movible.<\/li>\n<li>Guarda trasera y chip conveyor.<\/li>\n<li>Reductores y puntos giratorios.<\/li>\n<li>Contrapunto motorizado con ca\u00f1a rotativa.<\/li>\n<li>Patas y tornillos niveladores.<\/li>\n<li>Caja de herramienta con aceitera, fusible, pintura y herramientas.<\/li>\n<li>Manual de operaci\u00f3n y servicio.<\/li>\n<\/ul>\n<\/td>\n<\/tr>\n<\/tbody>\n<\/table>\n<p>[\/vc_column_text][\/vc_tta_section][vc_tta_section title=&#8221;Descargas&#8221; tab_id=&#8221;1593801696607-c94c68cb-286e&#8221;][vc_column_text]<img loading=\"lazy\" class=\"middle size-thumbnail wp-image-6210\" src=\"http:\/\/www.dhm-maquinaria.com\/wp-content\/uploads\/2020\/05\/icono-PDF-150x150.png\" alt=\"\" width=\"34px\" height=\"34px\" srcset=\"https:\/\/www.dhm-maquinaria.com\/wp-content\/uploads\/2020\/05\/icono-PDF-150x150.png 150w, https:\/\/www.dhm-maquinaria.com\/wp-content\/uploads\/2020\/05\/icono-PDF-300x300.png 300w, https:\/\/www.dhm-maquinaria.com\/wp-content\/uploads\/2020\/05\/icono-PDF-100x100.png 100w, https:\/\/www.dhm-maquinaria.com\/wp-content\/uploads\/2020\/05\/icono-PDF-450x450.png 450w, https:\/\/www.dhm-maquinaria.com\/wp-content\/uploads\/2020\/05\/icono-PDF-243x243.png 243w, https:\/\/www.dhm-maquinaria.com\/wp-content\/uploads\/2020\/05\/icono-PDF-102x102.png 102w, https:\/\/www.dhm-maquinaria.com\/wp-content\/uploads\/2020\/05\/icono-PDF-200x200.png 200w, https:\/\/www.dhm-maquinaria.com\/wp-content\/uploads\/2020\/05\/icono-PDF.png 512w\" sizes=\"(max-width: 150px) 100vw, 150px\" \/><a href=\"http:\/\/www.dhm-maquinaria.com\/wp-content\/uploads\/2020\/07\/TORNO-CNC-PETROLERO_CMD-70320.pdf\">TORNO CNC PETROLERO_CMD-70320<\/a>[\/vc_column_text][\/vc_tta_section][\/vc_tta_tabs][\/vc_column][\/vc_row]<\/p>\n","protected":false},"excerpt":{"rendered":"<p style=\"text-align: justify;\">Fiabilidad y precisi\u00f3n &#8230; estas son las palabras clave que escuchar\u00e1 repetidamente de los usuarios mundiales de tornos KENT CNC sobre tornos petroleros, si se les pide que describan las caracter\u00edsticas m\u00e1s notables de nuestras m\u00e1quinas, la serie de tornos petroleros CNC de la serie CMD se ha convertido en el est\u00e1ndar de la industria para tecnolog\u00eda avanzada, productividad y valor para ofrecer un rendimiento excepcional para empresas peque\u00f1as y medianas. Al igual que todas nuestras m\u00e1quinas Kent CNC, los tornos petroleros de la serie CMD CNC son inspeccionados y certificados por Kent Industrial USA en Tustin, CA.<\/p>\n","protected":false},"featured_media":1972,"comment_status":"open","ping_status":"closed","template":"","meta":{"_mi_skip_tracking":false},"product_cat":[99,123],"product_tag":[172,171,170],"_links":{"self":[{"href":"https:\/\/www.dhm-maquinaria.com\/index.php\/wp-json\/wp\/v2\/product\/1971"}],"collection":[{"href":"https:\/\/www.dhm-maquinaria.com\/index.php\/wp-json\/wp\/v2\/product"}],"about":[{"href":"https:\/\/www.dhm-maquinaria.com\/index.php\/wp-json\/wp\/v2\/types\/product"}],"replies":[{"embeddable":true,"href":"https:\/\/www.dhm-maquinaria.com\/index.php\/wp-json\/wp\/v2\/comments?post=1971"}],"wp:featuredmedia":[{"embeddable":true,"href":"https:\/\/www.dhm-maquinaria.com\/index.php\/wp-json\/wp\/v2\/media\/1972"}],"wp:attachment":[{"href":"https:\/\/www.dhm-maquinaria.com\/index.php\/wp-json\/wp\/v2\/media?parent=1971"}],"wp:term":[{"taxonomy":"product_cat","embeddable":true,"href":"https:\/\/www.dhm-maquinaria.com\/index.php\/wp-json\/wp\/v2\/product_cat?post=1971"},{"taxonomy":"product_tag","embeddable":true,"href":"https:\/\/www.dhm-maquinaria.com\/index.php\/wp-json\/wp\/v2\/product_tag?post=1971"}],"curies":[{"name":"wp","href":"https:\/\/api.w.org\/{rel}","templated":true}]}}