{"id":1799,"date":"2019-09-17T11:29:21","date_gmt":"2019-09-17T17:29:21","guid":{"rendered":"http:\/\/dhmmaquinaria.ika.mx\/wordpress\/?page_id=1799"},"modified":"2019-09-17T11:29:21","modified_gmt":"2019-09-17T17:29:21","slug":"diagnostico","status":"publish","type":"page","link":"https:\/\/www.dhm-maquinaria.com\/index.php\/diagnostico\/","title":{"rendered":"Diagn\u00f3stico"},"content":{"rendered":"<p>[vc_row][vc_column][vc_column_text]Podemos realizar revisiones de equipos o m\u00e1quinas para obtener resultados como lo pueden ser, estados generales de equipos, prepuestos de reparaciones parciales o totales de los equipos.<\/p>\n<p>Tambi\u00e9n se pueden diagnosticar causas que est\u00e9n afectando a los equipos de manera continua; ambientales, mec\u00e1nicas, defectos (instalaci\u00f3n, fabricaci\u00f3n, operaci\u00f3n, programaci\u00f3n, entre otras).[\/vc_column_text][\/vc_column][\/vc_row]<\/p>\n","protected":false},"excerpt":{"rendered":"<p>[vc_row][vc_column][vc_column_text]Podemos realizar revisiones de equipos o m\u00e1quinas para obtener resultados como lo pueden ser, estados generales de equipos, prepuestos de reparaciones parciales o totales de los equipos. Tambi\u00e9n se pueden diagnosticar causas que est\u00e9n afectando a los equipos de manera continua; ambientales, mec\u00e1nicas, defectos (instalaci\u00f3n, fabricaci\u00f3n, operaci\u00f3n, programaci\u00f3n, entre otras).[\/vc_column_text][\/vc_column][\/vc_row]<\/p>\n","protected":false},"author":2,"featured_media":0,"parent":0,"menu_order":0,"comment_status":"closed","ping_status":"closed","template":"","meta":{"_mi_skip_tracking":false},"_links":{"self":[{"href":"https:\/\/www.dhm-maquinaria.com\/index.php\/wp-json\/wp\/v2\/pages\/1799"}],"collection":[{"href":"https:\/\/www.dhm-maquinaria.com\/index.php\/wp-json\/wp\/v2\/pages"}],"about":[{"href":"https:\/\/www.dhm-maquinaria.com\/index.php\/wp-json\/wp\/v2\/types\/page"}],"author":[{"embeddable":true,"href":"https:\/\/www.dhm-maquinaria.com\/index.php\/wp-json\/wp\/v2\/users\/2"}],"replies":[{"embeddable":true,"href":"https:\/\/www.dhm-maquinaria.com\/index.php\/wp-json\/wp\/v2\/comments?post=1799"}],"version-history":[{"count":1,"href":"https:\/\/www.dhm-maquinaria.com\/index.php\/wp-json\/wp\/v2\/pages\/1799\/revisions"}],"predecessor-version":[{"id":1800,"href":"https:\/\/www.dhm-maquinaria.com\/index.php\/wp-json\/wp\/v2\/pages\/1799\/revisions\/1800"}],"wp:attachment":[{"href":"https:\/\/www.dhm-maquinaria.com\/index.php\/wp-json\/wp\/v2\/media?parent=1799"}],"curies":[{"name":"wp","href":"https:\/\/api.w.org\/{rel}","templated":true}]}}