{"id":1785,"date":"2019-09-17T11:05:50","date_gmt":"2019-09-17T17:05:50","guid":{"rendered":"http:\/\/dhmmaquinaria.ika.mx\/wordpress\/?page_id=1785"},"modified":"2019-09-17T11:05:50","modified_gmt":"2019-09-17T17:05:50","slug":"mantenimiento-preventivo","status":"publish","type":"page","link":"https:\/\/www.dhm-maquinaria.com\/index.php\/mantenimiento-preventivo\/","title":{"rendered":"Mantenimiento Preventivo"},"content":{"rendered":"<p>[vc_row][vc_column][vc_column_text]Trabajamos con revisiones peri\u00f3dicas, apoyados de sistemas estructurados a sus procesos, como <em>TPMs<\/em> por ejemplo, para prevenir paros no deseados de sus m\u00e1quinas, nosotros monitoreamos su m\u00e1quina para planificar acciones y servicios para conservar lo m\u00e1s alta posible su productividad.<\/p>\n<p>Mediante los sistemas concretados se planean intervenciones preventivas (no es condici\u00f3n que su equipo muestre problemas) en sus equipos para evitar estos contratiempos a su producci\u00f3n.[\/vc_column_text][\/vc_column][\/vc_row]<\/p>\n","protected":false},"excerpt":{"rendered":"<p>[vc_row][vc_column][vc_column_text]Trabajamos con revisiones peri\u00f3dicas, apoyados de sistemas estructurados a sus procesos, como TPMs por ejemplo, para prevenir paros no deseados de sus m\u00e1quinas, nosotros monitoreamos su m\u00e1quina para planificar acciones y servicios para conservar lo m\u00e1s alta posible su productividad. Mediante los sistemas concretados se planean intervenciones preventivas (no es condici\u00f3n que su equipo muestre [&hellip;]<\/p>\n","protected":false},"author":2,"featured_media":0,"parent":0,"menu_order":0,"comment_status":"closed","ping_status":"closed","template":"","meta":{"_mi_skip_tracking":false},"_links":{"self":[{"href":"https:\/\/www.dhm-maquinaria.com\/index.php\/wp-json\/wp\/v2\/pages\/1785"}],"collection":[{"href":"https:\/\/www.dhm-maquinaria.com\/index.php\/wp-json\/wp\/v2\/pages"}],"about":[{"href":"https:\/\/www.dhm-maquinaria.com\/index.php\/wp-json\/wp\/v2\/types\/page"}],"author":[{"embeddable":true,"href":"https:\/\/www.dhm-maquinaria.com\/index.php\/wp-json\/wp\/v2\/users\/2"}],"replies":[{"embeddable":true,"href":"https:\/\/www.dhm-maquinaria.com\/index.php\/wp-json\/wp\/v2\/comments?post=1785"}],"version-history":[{"count":1,"href":"https:\/\/www.dhm-maquinaria.com\/index.php\/wp-json\/wp\/v2\/pages\/1785\/revisions"}],"predecessor-version":[{"id":1786,"href":"https:\/\/www.dhm-maquinaria.com\/index.php\/wp-json\/wp\/v2\/pages\/1785\/revisions\/1786"}],"wp:attachment":[{"href":"https:\/\/www.dhm-maquinaria.com\/index.php\/wp-json\/wp\/v2\/media?parent=1785"}],"curies":[{"name":"wp","href":"https:\/\/api.w.org\/{rel}","templated":true}]}}